+ 2445))?
-1
What is the value of 161 + -66 + -36 + 83?
142
Calculate -8 + (11 - 24) + 12 + (-3 - -6 - 46).
-52
Calculate -34 + -14 + 2 + 7 - (-3 + 4 + 2).
-42
What is 415 - 422 - (4 - (5 + 30))?
24
Evaluate -10 - (-52 + (51 - 28)) - 35.
-16
What is the value of 10 + -6 + -13 - (-1 + -137 + -4) - 5?
128
-4 - -1 - (4 - (22 - (-17 + (-1 - 17))))
50
(50 - -5) + 320 + -361
14
Evaluate -2 + 2 + 9 + (88 - (69 - -79)).
-51
0 - (68 + 190 + -184 + (0 - -2) + -17)
-59
What is (-12 - (3 - (9 - (-13 + 12)))) + (0 - 92)?
-97
What is 20 + (10 - (41 - 10))?
-1
What is 1 - 1 - -62 - (-9 + 13 + 2)?
56
Calculate 49 + (-56 - -19 - 4).
8
What is -13 + 4 - (14 + -21 + 15)?
-17
What is (19 + -1 - (270 - 228)) + 88?
64
What is -14 + (-21 - -20) + -25 + 24?
-16
Calculate (-8 - -4) + 39 + (-300 - -297).
32
What is -2 + (-4 - (3 + (13 - 9 - 14)))?
1
What is the value of (3 - (-4 - (-17 - 1))) + (-186 - -231)?
34
(-1 - -7) + (7 - 13 - 43 - (-4 + 2))
-41
(34 - 2) + 4 - (-33 - 7 - -28) - 1
47
Evaluate -24 + -4 + 3 + -2 - (44 - 48).
-23
11 - (-13 + 5 - 0 - (-2 - (-2 + 21)))
-2
Calculate 53 + -12 + (8 - -6) + -22.
33
Evaluate -240 + (-203 - -78 - -226).
-139
106 + -71 - 186 - -78
-73
What is -3 - (8 + -5 + (1 - 0) + -2 - -75)?
-80
Calculate (6 + -56 - -11) + -38 + -1 + 13.
-65
What is -11 + -42 + -131 - -122?
-62
(2 - (-106 + 4)) + -42 + (-25 - -74)
111
7 - -7 - ((5 - (-7 + 12)) + (8 - -16))
-10
-128 + 3 + 260 + -181
-46
(10 - 33) + 64 - 59
-18
What is (390 - 429) + (-2 - -45)?
4
Evaluate 16 + -3 + -1 - (-24 - 6 - -92).
-50
What is the value of (3 + 6 - (-116 - -111)) + (-1 - 84) + -15?
-86
Evaluate (3 - 91) + (0 - -7) + (8 - 39 - -16).
-96
Calculate (4 - -3) + 31 + 20 - (10 - 2).
50
What is -15 + -63 + 12 + -19 + 5 + 30?
-50
What is the value of 4 + (-1 + 5 - -2) + (548 - 546)?
12
What is -5 + (-9 - -17) + -140 + (17 - 2)?
-122
-637 + 580 - (-36 + 8)
-29
Evaluate 25 - -1 - 3 - 33.
-10
Calculate 4 - -106 - (-1 - (18 + -21) - (-12 - -1)).
97
What is -92 - -92 - (26 + -28 - -67)?
-65
Evaluate 38 + -51 + 71 + -28.
30
What is the value of -3547 - -3534 - (-17 - (2 - 2)) - (-31 + 1)?
34
(8 - (-4 + 7)) + 7 + (5 - (4 - 3))
16
Evaluate 7 - ((-45 - -14) + 49) - 117.
-128
What is the value of -54 - 1 - (-46 + (-24 - -56))?
-41
Evaluate -5 + (-54 - -15) + -1 + -1 + 132 + -135.
-49
What is 2 + 74 + 18 + 2 + -9?
87
Evaluate -87 + 90 + -92 + 6 - (-8 - -23).
-98
(8 - -3 - (-12 + 24 + 1)) + -5 + -1
-8
What is -151 + (29 - -28) + 50?
-44
Calculate 31 - ((-9 - (2 - 2)) + 3 + -6 + 4).
39
What is the value of 4 - ((18 - 11) + (14 - -13))?
-30
What is -62 - ((-1 - -2) + (-15 - (32 + -29)))?
-45
Calculate 16 - (113 - (-16 + 11 + 9 + 15)).
-78
Calculate -8 + (-54 - (-5 + 9)) + 5 - 9.
-70
What is the value of -6 + (-167 - -42) + 35?
-96
What is 38 + (-58 - -50) + -15?
15
What is the value of 66 + -27 + -10 - -17?
46
(-7 - -4 - -5) + 6 - (-68 - (-11 - -10))
75
(-72 - 1) + (1 + 1 - -9) + -144 + 140
-66
What is the value of (-55 - -6) + -1 - (2 - (-2 - -8))?
-46
What is -20 + 4 - (5 + 8 + -43)?
14
21 - -5 - (-51 + -20) - (-6 - -5)
98
Evaluate -31 + -85 + 166 - 123.
-73
Calculate -85 - (-81 + 85 + -64).
-25
Calculate -10249 - -10233 - (71 + -2 - 2).
-83
What is (-3 - -3) + 4 + (4 - 8) - 3?
-3
Evaluate 12 + -1 - (-1393 - -1414) - (-33 + (-1 - 0)).
24
What is the value of 88 - 53 - 40 - (1 + -2 + (-4 - -10))?
-10
What is the value of (36 - 38) + 3 + 1 + 2 + 7?
11
Evaluate -9 + 7 - (10 - 18) - (-32 - -3).
35
What is 15 + (-21 - -32) + 6?
32
What is the value of (-21350 - -21386) + (-1 - 104)?
-69
What is the value of (5 - 66) + (-2354 - -2554)?
139
Evaluate (-1 - (-4 + -10)) + (28 - (93 - 43)) + 5.
-4
What is -3 + 18 - ((-125 - -35 - -39) + -17)?
83
(-6 - ((-7 - -3) + -6)) + 7 - 18
-7
-2 + (1 - -40 - (28 - 18) - -9)
38
Calculate (0 - -56) + 125 + -143.
38
Evaluate -8 + (0 - 6) + (-12 + -1 - -28) + -1.
0
Calculate (45 - 12) + 4 + (-11 - 8) + 6 + 4.
28
What is -3 + 14 + (-40 - (12 + -20)) + -6?
-27
What is -104 + 68 - ((-17 - -32) + (-1 - -2) - 3)?
-49
Evaluate 303 + -289 - (5 + 4 + 4 + -8).
9
Evaluate 0 - -17 - ((-23 - -5) + -6).
41
Evaluate (0 - -21) + (-1853 - -1814) - (1 + 0 + 5).
-24
Calculate 9 + (-17 - 3 - -3 - (1212 - 1242)).
22
-31 - (0 + (26 + -10 - 33)) - 4
-18
Evaluate 2 + (-23 - -10) - (8 + -9 + 9).
-19
Calculate 140 - (0 + -1) - (6973 + -6942).
110
Evaluate (-5 - (100 - 6)) + (25 - (1 - -12)).
-87
What is the value of 126 + -132 - (6 + (-23 - -21) + (2 - 1))?
-11
-55 - (-28 + 19 + (26 - 25))
-47
Evaluate (-13 - (134 + -5)) + (32 - (11 + 9)).
-130
-14 + 24 + -2 + 37
45
Evaluate -2 - (-20 - (-6 + -50)).
-38
What is the value of 7 + 1 + (-10 - 5) + -18 + -9?
-34
Calculate 0 + -2 + -83 + 355 + -194 + -140.
-64
3 + -29 + 18 + -78 + -4 + -2
-92
4 - (-2 + 0) - (-372 + 356)
22
Evaluate -25 + (-2 - -1) + (-6956 - -7020) + -1 + -62.
-25
What is the value of -3200 + 3127 + (3 - -186)?
116
Calculate -14 + -17 + (57 - 19).
7
What is the value of 69 - (35 - -165) - -32?
-99
(12 + -14 - 23) + (41 - 0)
16
What is the value of -4 + (51 - ((23 - 4) + -11))?
39
109 + -24 + 6 + (0 + 15 - (-9 - -14))
101
Evaluate (-4 - -1) + -3 + 14 + 1 + -568 + 613.
54
What is -204 + 220 - (-7 + 1 + 3)?
19
Evaluate 23 - (15 + (9 - -24 - -6)).
-31
-32 + 113 + 42 - (-2 + -5)
130
-1 + 0 + 68 + (-169 - -93) + 61
52
What is (340 - 348) + -1 + 17 + 4 - (9 - 0)?
3
Calculate 4 + (39 - (18 - -9 - 5)).
21
Evaluate -9 + -110 + 6 + 46.
-67
Calculate -151 - -75 - -113 - (20 - 0).
17
-56 + (403 - 128 - 155)
64
-5 + (2 - 2) - 0 - (-21 + -26)
42
What is the value of 3 + (50 - (26 - -4) - 18)?
5
Calculate (0 - 8 - -12 - -35) + 112 + -114.
37
Evaluate (6 - 1 - (-18 - (11 - 45))) + 68 + -3.
54
What is the value of 24 - (7 - (-8 + 17)) - -32?
58
Evaluate (2535 - 2630) + (93 - 1).
-3
(-24 - (22 - 35)) + (73 - -6) + 20
88
Calculate 8 + -1 + (-9 + -14 - -11).
-5
Calculate -4 + 1 - -63 - (-23 - (-13 - -1)).
71
What is 35 + (-70 - -40) + 125 + -24?
106
(-7 - -83) + -116 - 23
-63
Evaluate (-2 - (3 + -5)) + 11 - (72 - 65 - 27).
31
What is 16 + (-528 - -467 - (0 - 7))?
-38
Calculate -2 - 54 - (407 - 458).
-5
Evaluate 28 - (0 - 0 - 0) - (-8 + 37 - 25).
24
Calculate 97 + (-53 - -22) + -13 + -3.
50
Calculate 77 + -5 + -46 - -23.
49
(-11 - 1) + 675 + -609
54
Evaluate (-6 - (-42 - -22)) + -10 + 22 + 16.
42
Evaluate 188 + -238 + (-17 - -127).
60
Evaluate -12 + 20 + -6 + 0 + -6 + (219 - 214).
1
-25 + 31 + -4 + -3 + 24
23
What is (59 - -3) + -27 + 5 + (16 - 1)?
55
85 + -24 + -42 - (7 + 21)
-9
What is the value of -42 + -41 + 8 - (-3 + -21)?
-51
Calculate -13 - (8 + -14 + (4 - 32)).
21
Calculate -105 - (2 + -100 + 19).
-26
What is 29 - (1 - 2) - (3388 - 3453)?
95
Evaluate -54 + 138 + 42 + -31.
95
Evaluate -30 - (-28 - (4 - (-3 + -23))).
28
Evaluate 49 - ((-11 - 0) + (573 - 553)).
40
-5913 + 5972 - (122 + 0)
-63
Evaluate (102 + -108 - -66) + 5 + -5 + 0.
60
What is (-57 + 1 + (3 - 5) - 0) + (188 - 182)?
-52
What is the value of -7 + (3 - 36) + (-13 - (-25 - -9))?
-37
(4 + -1 - (-12 - -27)) + (-109 - -102)
-19
-5 + -62 - (68 + (-74 - 12))
-49
2 + 35 + (2 - 0) - (-13 + (16 - 12))
48
What is 14 + -54 - -108 - ((-1 - -6) + 0 + -1)?
64
-1 + -2 + -22 + -2 - -77
50
60 + -46 + -6 + 0 + -32 + 12 + 29
17
Calculate (-154 - -153) + 2 + -3 + -5 + (37 - 57).
-27
What is the value of -88 + -188 + 46 - -106?
-124
Calculate (105 - -132 - 108) + -18.
111
What is the value of -7 + 41 + 51 + -87 + (-2 - -1 - -5)?
2
What is 98 + (-93 - -52) - 39?
18
(45 - 2) + 1 - (-112 + 125 - -1)
30
(4 - (-11 - -7)) + 216 + -291
-67
What is the value of (52 - 44) + -7 + -16?
-15
What is the value of 4 + (8 - 6 - -2) - (-7 - (18 + -14))?
19
What is the value of (-11 - (-29 + (-7 - -7) + 9)) + -21 + -43?
-55
Calculate -2 + 0 + 16 + -51 + (0 - -15).
-22
Evaluate 16 - (2 + -19) - 11 - 14 - -39.
47
What is 22 - (89 - 94 - ((10 - 13) + 2 + -14))?
12
Calculate (10 + 28 - 1) + -23 + -1.
13
Evaluate (-6 - -37) + -19 - 41.
-29
What is -2 + -1 + 4 + -77 - (76 - 66) - -9?
-77
What is -10 - (42 + 59 + -72)?
-39
-10 - -35 - (30 + 9) - -17
3
Calculate (-1 + 0 - -67) + (1191 - 1212).
45
Evaluate (5 - -2) + (32 - 10 - 46).
-17
What is -42 + 61 - 47 - 3?
-31
What is -7 - 9 - (-17 - (-9 - -13)) - -23?
28
Calculate (-5 - -2) + (12 + -25 + -3 - 16).
-35
What is 225 + -216 + (4 - (-56 - 5))?
74
215 - 213 - (-52 - -1) -